 is the remainder when 6/(-9) - 488/(-12) is divided by l?
19
Let o(f) = 15*f**2 - 23*f + 66. Calculate the remainder when 786 is divided by o(3).
126
Let s = 54 - -14. What is the remainder when s is divided by (2/(-8) - 72/(-32)) + 21?
22
Suppose -5*l + 0*y + 14 = 4*y, -l + y = -10. Calculate the remainder when 94 is divided by l.
4
Suppose -4*g + 5*g = 28. Suppose -4 = -2*p - g. What is the remainder when 19 is divided by -1*3/(p/28)?
5
Calculate the remainder when 94 is divided by (-1 + 2)/(17/289).
9
Let r(i) = 3*i + 4. Let g be r(4). Suppose -g*t + 17*t = 35. Calculate the remainder when t is divided by 13.
9
Let g(d) = d**3 - 10*d**2 + 11*d - 18. Let w be g(9). Suppose 5*c = 5*b - 200, 2*b + c - 2*c - 78 = w. Calculate the remainder when b is divided by 10.
8
Suppose -j + 2*z + 26 = -2, 0 = 5*j + 3*z - 75. What is the remainder when j is divided by 17?
1
Suppose -3*b = 2*j - 56, 11*j = 6*j - 2*b + 162. What is the remainder when 270 is divided by j?
32
Suppose -n + 5*q = -3, 0 = -0*n - 5*n + 3*q + 37. Suppose -n*y + 64 = -16. Calculate the remainder when 24 is divided by y.
4
Suppose -11*l + 6 = -9*l. Calculate the remainder when 4 is divided by l*-1*(-5)/5.
1
Suppose -273 = -4*n - 29. Suppose -4*p + l - 6*l = -54, 0 = 5*p + 3*l - n. What is the remainder when 63 is divided by p?
8
Suppose 2 = -2*k, -139*s + 138*s = 5*k - 6. Suppose 2*o + 0*o - 86 = 0. Calculate the remainder when o is divided by s.
10
Let p be (6/(-2))/(1/15). Calculate the remainder when (-243)/(-7) - (-2)/7 is divided by (1 + (-2)/1)/(5/p).
8
Let y(c) = -4*c + 41. What is the remainder when 86 is divided by y(3)?
28
Suppose -2 = -3*c + 16. Suppose -20 = c*k - k. Calculate the remainder when 1 - (k + 1 + -21) is divided by 9.
7
Let u(j) = 2*j - 9. Suppose 4*w - 4*f = 20, f = 6*f. What is the remainder when u(13) is divided by w?
2
Let r = -142 + 185. Calculate the remainder when r is divided by 14.
1
What is the remainder when 7 is divided by -2*(-9)/((-72)/(-20))?
2
Suppose 26 = 4*s - 3*m, -3 = -2*s - 4*m - 1. Suppose -2*n = -3*p + 48 + 1, 0 = 3*p + s*n - 35. Calculate the remainder when 25 is divided by p.
10
Suppose b + 10 = 49. What is the remainder when b is divided by 11?
6
Suppose 5*y + 6 + 2 = -x, 6 = -3*y. Suppose 2*d + 2*i = 4, 5*i - 3 = -4*d + 1. Suppose 0 = -3*l + d. What is the remainder when x is divided by l?
0
Let b be -2*((-27)/(-6) + 1). Let u = -64 + b. Let o = -34 - u. Calculate the remainder when o is divided by 21.
20
Let z = 10 - -4. Let j be (30/(-40))/((-1)/4). Suppose -s + j*o - 168 = -4*s, 5*o + 44 = s. What is the remainder when s is divided by z?
12
Suppose 2*d - 24 = 4*c + 460, 0 = 4*c. What is the remainder when d is divided by 35?
32
Suppose 0 = -3*d + 4 + 5. Let y(r) = r - 3. Let v be y(d). Suppose -3*h + 18 + 105 = v. What is the remainder when h is divided by 11?
8
Suppose -7*f + 3*f = -4. Let n(m) = 2*m - 1. Let h(r) = r**3 - 96*r**2 + 623*r + 3. What is the remainder when h(89) is divided by n(f)?
0
Let y be (-5 + 3)*39/(-3). Let h = y + -10. Let x = -24 - -70. What is the remainder when x is divided by h?
14
Let n = -8589 - -8592. Let u(b) = -3*b + 3*b + 6*b. What is the remainder when u(1) is divided by n?
0
Let x be (4/3)/(4*2/192). Suppose -1 = o - 3*s - 0, -4*o = -3*s - x. What is the remainder when 32 is divided by o?
10
Let h(c) = c**3 + 10*c**2 - 11*c - 27. Calculate the remainder when h(-10) is divided by 43.
40
Suppose 0 = 2*n + 46*n - 624. What is the remainder when 77 is divided by n?
12
Let f(x) = 21*x**2 - 45*x - 7. What is the remainder when f(4) is divided by 31?
25
Suppose 0 = u + 3*n - 6, 0 = u + 4*n - 2 - 0. Let o(q) = -2*q**3 - 6*q**2 + 5*q - 10. What is the remainder when o(-5) is divided by u?
11
Let v = -110 - -133. Suppose -3*i = -10 - 5. Calculate the remainder when v is divided by i.
3
Let x(o) be the second derivative of -8*o**3/3 - 3*o**2 + 12*o. Suppose 5*y + 4*q = 83 - 21, 3*y = 5*q + 52. What is the remainder when x(-2) is divided by y?
12
Let q(j) = -j**3 - 11*j**2 + j + 13. Let z be q(-11). Suppose -3*l + 3*m = -68 - 49, -3*m - 83 = -z*l. Calculate the remainder when l is divided by 10.
4
Suppose -10*c = -c - 3*c. Suppose -4*p = -c*p - 112. What is the remainder when 109 is divided by p?
25
Suppose 3*x - 78 = -4*z, 0 = 3*z + 2*x + 3*x - 64. What is the remainder when 28 is divided by z?
10
Suppose 0 = -5*v - 8*l + 7*l + 265, -25 = 5*l. Calculate the remainder when v is divided by 14.
12
Suppose -2*x - 17 = -43. Let f = x + -6. Suppose -f*z + 47 = -6*z. What is the remainder when z is divided by 12?
11
Suppose 5*b - 4*b = -2*x + 16, b = -x + 16. Calculate the remainder when 140 is divided by b.
12
Suppose 31 = -44*x + 47*x + i, 3*x - 5*i = 61. Calculate the remainder when 274 is divided by x.
10
Let m = 773 + -755. Calculate the remainder when 47 is divided by m.
11
Suppose -5 = 5*y + 70. Let l be -1 + 40/(-3 + 1). Calculate the remainder when l/((-42)/y - 3) is divided by 27.
24
Let a(f) = -f**3 - 55*f**2 - 7*f - 286. What is the remainder when a(-55) is divided by 13?
8
Let d(f) = f**3 - f**2 - 6*f - 1. Calculate the remainder when d(6) is divided by (-81)/(-18)*-4*-2.
35
Let o(n) = 9*n**2 - 14*n - 24. Calculate the remainder when 124 is divided by o(-2).
4
Suppose 54*x - 50*x - 579 = 5*o, 0 = -2*x + 2*o + 288. Calculate the remainder when 2535 is divided by x.
138
Suppose 0*h + 20 = 4*h. Let a = 2 + h. Calculate the remainder when 205/a - 22/77 is divided by 6.
5
Suppose 4*s = 20, 62*r + 5*s = 65*r - 8. Suppose -84 = -2*k + 68. What is the remainder when k is divided by r?
10
Suppose m = 3*t, m + 5 = -t - 3. Let o(c) = 3*c + 6. Let b be o(-6). Let z = m - b. Calculate the remainder when z is divided by 3.
0
Suppose 20 = i + 5*b + 1, -3*i + 2*b + 40 = 0. What is the remainder when 39 is divided by i?
11
Let l(x) = -25*x + 3. Let f be l(-3). Let v = f + -54. Calculate the remainder when v is divided by 5.
4
Let x = 88 - 24. Let v = x + -31. What is the remainder when 162 is divided by v?
30
Calculate the remainder when (244/(-8) - 2)/((-8)/16) is divided by 10.
5
Let o = 658 - 621. Calculate the remainder when o is divided by 6.
1
Let m = -7 + 7. Suppose m = -3*r - 0*r + 15. Calculate the remainder when (4 - 3)/((-4)/(-28)) is divided by r.
2
Suppose -1760 = -14*i + 172. Calculate the remainder when i is divided by 41.
15
Let a = -407 + 525. Calculate the remainder when 353 is divided by a.
117
Suppose -120 = 3*l - 9*l. Calculate the remainder when 91 is divided by (92/(-10))/(-3 - (-56)/l).
45
Suppose -9*y + 10*y - 125 = 0. Calculate the remainder when y is divided by 36.
17
Suppose 4*o - 226 = -2*y, 0*y + y + 4*o = 119. Suppose -4*a = -2*d + 78, -3*d - a - 3*a + y = 0. What is the remainder when d is divided by 20?
17
Suppose -61 = -4*z - 5*v, -z = -v - 2 - 2. What is the remainder when 22 is divided by z?
4
Let v = -13 - -21. Suppose 4*a - 208 = 2*a - 3*f, -4*f + 114 = a. Let m = a + -93. Calculate the remainder when v is divided by m.
3
Suppose -3*g = 4*t - 6 - 19, 2*t - 5*g + 7 = 0. What is the remainder when 20 is divided by t?
0
Let z = 142 - 101. Let l = 16 + z. What is the remainder when l is divided by 29?
28
Suppose -4*n - 50 = -3*r, 0 = -r - 3*n + 25 - 4. Let b = 41 - r. What is the remainder when 43 is divided by b?
20
Let f = -1 + 3. Suppose -4*z + 5 = 3*q, 2*q - 1 = -f*z + 3. What is the remainder when -1 - (84/z - 2) is divided by 22?
19
Let l(z) be the second derivative of -z**4/12 + z**3 + 19*z**2/2 + z. Let o be l(8). What is the remainder when (-1)/((-78)/(-27) - o) is divided by 5?
4
Suppose 0*u = 5*q + 5*u - 25, 0 = -2*q - 5*u + 13. Suppose q*r - 12*r = -112. Calculate the remainder when 195 is divided by r.
13
Suppose 3107 = 30*y - 17*y. Calculate the remainder when y is divided by 16.
15
Let z be 2/(-5) + (-35)/(-25). Let b be (106 - (z - -1)) + 1. Suppose -2*d + 81 + b = 0. What is the remainder when d is divided by 32?
29
Let s = -9 + -144. Let p = -134 - s. Calculate the remainder when 2/3 - (-217)/3 is divided by p.
16
Let u(n) = 4*n**2 - 2*n - 2. Let s be u(-1). Suppose s*d - d = 24. Calculate the remainder when 29 is divided by d.
5
Let b(d) = 2*d + 3. Let i be b(5). Let v = -9 + i. Let h(a) = -a - 11. What is the remainder when h(-17) is divided by v?
2
Suppose 5*